{"id":468,"date":"2020-12-02T13:01:03","date_gmt":"2020-12-02T12:01:03","guid":{"rendered":"http:\/\/winwinafrique.com\/?page_id=468"},"modified":"2024-04-26T17:45:17","modified_gmt":"2024-04-26T15:45:17","slug":"nos-partenaires","status":"publish","type":"page","link":"https:\/\/winwinafrique.com\/index.php\/nos-partenaires\/","title":{"rendered":"Partenaires"},"content":{"rendered":"<p>[et_pb_section fb_built=\u00a0\u00bb1&Prime; _builder_version=\u00a0\u00bb4.4.5&Prime; background_image=\u00a0\u00bbhttp:\/\/winwinafrique.com\/wp-content\/uploads\/2020\/12\/Header-Winwin-Partenaires.jpg\u00a0\u00bb parallax=\u00a0\u00bbon\u00a0\u00bb min_height=\u00a0\u00bb245px\u00a0\u00bb custom_padding=\u00a0\u00bb||51px|||\u00a0\u00bb][et_pb_row _builder_version=\u00a0\u00bb4.4.5&Prime; min_height=\u00a0\u00bb71px\u00a0\u00bb custom_margin=\u00a0\u00bb0px|auto||auto||\u00a0\u00bb][et_pb_column type=\u00a0\u00bb4_4&Prime; _builder_version=\u00a0\u00bb4.4.5&Prime;][et_pb_text _builder_version=\u00a0\u00bb4.4.5&Prime; text_font=\u00a0\u00bbMontserrat|700|||||||\u00a0\u00bb text_text_color=\u00a0\u00bb#ffffff\u00a0\u00bb text_font_size=\u00a0\u00bb45px\u00a0\u00bb text_orientation=\u00a0\u00bbcenter\u00a0\u00bb min_height=\u00a0\u00bb40px\u00a0\u00bb custom_margin=\u00a0\u00bb11px||-15px|||\u00a0\u00bb custom_padding=\u00a0\u00bb||31px|||\u00a0\u00bb text_text_shadow_style=\u00a0\u00bbpreset1&Prime;]<\/p>\n<p>NOS PARTENAIRES<\/p>\n<p>[\/et_pb_text][\/et_pb_column][\/et_pb_row][\/et_pb_section][et_pb_section fb_built=\u00a0\u00bb1&Prime; _builder_version=\u00a0\u00bb4.4.5&Prime;][et_pb_row column_structure=\u00a0\u00bb1_4,3_4&Prime; _builder_version=\u00a0\u00bb4.4.5&Prime; custom_margin=\u00a0\u00bb37px|auto||auto||\u00a0\u00bb custom_padding=\u00a0\u00bb0px||0px|||\u00a0\u00bb locked=\u00a0\u00bboff\u00a0\u00bb][et_pb_column type=\u00a0\u00bb1_4&Prime; _builder_version=\u00a0\u00bb4.4.5&Prime;][et_pb_image src=\u00a0\u00bbhttps:\/\/winwinafrique.com\/wp-content\/uploads\/2024\/03\/Logo-groupe-Duval.png\u00a0\u00bb title_text=\u00a0\u00bbLogo groupe Duval\u00a0\u00bb url=\u00a0\u00bbhttps:\/\/www.economie.gouv.fr\u00a0\u00bb url_new_window=\u00a0\u00bbon\u00a0\u00bb align=\u00a0\u00bbcenter\u00a0\u00bb _builder_version=\u00a0\u00bb4.4.5&Prime; width=\u00a0\u00bb78%\u00a0\u00bb max_width=\u00a0\u00bb79%\u00a0\u00bb module_alignment=\u00a0\u00bbcenter\u00a0\u00bb max_height=\u00a0\u00bb184px\u00a0\u00bb custom_padding=\u00a0\u00bb||0px|||\u00a0\u00bb][\/et_pb_image][\/et_pb_column][et_pb_column type=\u00a0\u00bb3_4&Prime; _builder_version=\u00a0\u00bb4.4.5&Prime;][et_pb_toggle title=\u00a0\u00bbGroupe Duval\u00a0\u00bb open=\u00a0\u00bbon\u00a0\u00bb open_toggle_background_color=\u00a0\u00bb#ffffff\u00a0\u00bb closed_toggle_background_color=\u00a0\u00bb#ffffff\u00a0\u00bb icon_color=\u00a0\u00bb#000000&Prime; _builder_version=\u00a0\u00bb4.4.5&Prime; title_text_color=\u00a0\u00bbrgba(0,0,0,0.82)\u00a0\u00bb title_font=\u00a0\u00bbMontserrat|700|||||||\u00a0\u00bb body_font=\u00a0\u00bbMontserrat||||||||\u00a0\u00bb border_width_all=\u00a0\u00bb0px\u00a0\u00bb]<\/p>\n<p style=\"text-align: justify;\"><span>Le groupe Duval est partenaire de Winwin Afrique sur la partie conception, \u00e9tude et r\u00e9alisation des AGORA en C\u00f4te d&rsquo;Ivoire.<\/span><\/p>\n<p><a href=\"https:\/\/www.groupeduval.com\/\" target=\"_blank\" rel=\"noopener noreferrer\">En savoir plus sur le Groupe Duval<\/a><\/p>\n<p>[\/et_pb_toggle][\/et_pb_column][\/et_pb_row][et_pb_row column_structure=\u00a0\u00bb1_4,3_4&Prime; _builder_version=\u00a0\u00bb4.4.5&Prime; custom_margin=\u00a0\u00bb37px|auto||auto||\u00a0\u00bb custom_padding=\u00a0\u00bb0px||0px|||\u00a0\u00bb][et_pb_column type=\u00a0\u00bb1_4&Prime; _builder_version=\u00a0\u00bb4.4.5&Prime;][et_pb_image src=\u00a0\u00bbhttp:\/\/winwinafrique.com\/wp-content\/uploads\/2020\/12\/tresor-direction-generale.jpg\u00a0\u00bb title_text=\u00a0\u00bbtr\u00e9sor-direction-g\u00e9n\u00e9rale\u00a0\u00bb url=\u00a0\u00bbhttps:\/\/www.economie.gouv.fr\u00a0\u00bb url_new_window=\u00a0\u00bbon\u00a0\u00bb align=\u00a0\u00bbcenter\u00a0\u00bb _builder_version=\u00a0\u00bb4.4.5&Prime; width=\u00a0\u00bb74%\u00a0\u00bb max_width=\u00a0\u00bb74%\u00a0\u00bb module_alignment=\u00a0\u00bbcenter\u00a0\u00bb max_height=\u00a0\u00bb184px\u00a0\u00bb custom_padding=\u00a0\u00bb||0px|||\u00a0\u00bb][\/et_pb_image][\/et_pb_column][et_pb_column type=\u00a0\u00bb3_4&Prime; _builder_version=\u00a0\u00bb4.4.5&Prime;][et_pb_toggle title=\u00a0\u00bbDirection G\u00e9n\u00e9rale du Tr\u00e9sor Fran\u00e7ais\u00a0\u00bb open=\u00a0\u00bbon\u00a0\u00bb open_toggle_background_color=\u00a0\u00bb#ffffff\u00a0\u00bb closed_toggle_background_color=\u00a0\u00bb#ffffff\u00a0\u00bb icon_color=\u00a0\u00bb#000000&Prime; _builder_version=\u00a0\u00bb4.4.5&Prime; title_text_color=\u00a0\u00bbrgba(0,0,0,0.82)\u00a0\u00bb title_font=\u00a0\u00bbMontserrat|700|||||||\u00a0\u00bb body_font=\u00a0\u00bbMontserrat||||||||\u00a0\u00bb border_width_all=\u00a0\u00bb0px\u00a0\u00bb]<\/p>\n<p><span>La Direction G\u00e9n\u00e9rale du Tr\u00e9sor est le partenaire principale sur le financement des AGORA en C\u00f4te d&rsquo;Ivoire via les outils FASEP et pr\u00eats du Tr\u00e9sor.<\/span><\/p>\n<p><a href=\"https:\/\/www.tresor.economie.gouv.fr\" target=\"_blank\" rel=\"noopener noreferrer\">En savoir plus sur la DG du Tr\u00e9sor<\/a><\/p>\n<p>[\/et_pb_toggle][\/et_pb_column][\/et_pb_row][et_pb_row column_structure=\u00a0\u00bb1_4,3_4&Prime; _builder_version=\u00a0\u00bb4.4.5&Prime; custom_margin=\u00a0\u00bb37px|auto||auto||\u00a0\u00bb custom_padding=\u00a0\u00bb0px||0px|||\u00a0\u00bb locked=\u00a0\u00bboff\u00a0\u00bb][et_pb_column type=\u00a0\u00bb1_4&Prime; _builder_version=\u00a0\u00bb4.4.5&Prime;][et_pb_image src=\u00a0\u00bbhttps:\/\/winwinafrique.com\/wp-content\/uploads\/2020\/10\/BPI_France_RVB_fd_blanc.png\u00a0\u00bb title_text=\u00a0\u00bbBPI_France_RVB_fd_blanc\u00a0\u00bb url=\u00a0\u00bbhttps:\/\/www.economie.gouv.fr\u00a0\u00bb url_new_window=\u00a0\u00bbon\u00a0\u00bb align=\u00a0\u00bbcenter\u00a0\u00bb _builder_version=\u00a0\u00bb4.4.5&Prime; module_alignment=\u00a0\u00bbcenter\u00a0\u00bb max_height=\u00a0\u00bb184px\u00a0\u00bb custom_padding=\u00a0\u00bb||0px|||\u00a0\u00bb][\/et_pb_image][\/et_pb_column][et_pb_column type=\u00a0\u00bb3_4&Prime; _builder_version=\u00a0\u00bb4.4.5&Prime;][et_pb_toggle title=\u00a0\u00bbBPI France\u00a0\u00bb open_toggle_background_color=\u00a0\u00bb#ffffff\u00a0\u00bb closed_toggle_background_color=\u00a0\u00bb#ffffff\u00a0\u00bb icon_color=\u00a0\u00bb#000000&Prime; _builder_version=\u00a0\u00bb4.4.5&Prime; title_text_color=\u00a0\u00bbrgba(0,0,0,0.82)\u00a0\u00bb title_font=\u00a0\u00bbMontserrat|700|||||||\u00a0\u00bb body_font=\u00a0\u00bbMontserrat||||||||\u00a0\u00bb hover_enabled=\u00a0\u00bb0&Prime; border_width_all=\u00a0\u00bb0px\u00a0\u00bb]<\/p>\n<p><span>Bpifrance est partenaire de Winwin Afrique \u00e0 deux niveaux :<\/span><\/p>\n<ul>\n<li style=\"text-align: justify;\"><span>c&rsquo;est un soutien \u00e0 la prospection via l&rsquo;outil assurance prospection<\/span><\/li>\n<li style=\"text-align: justify;\"><span>c&rsquo;est le bailleur principal notamment au S\u00e9n\u00e9gal via des offres de financement sp\u00e9cifiques<\/span><\/li>\n<\/ul>\n<p><a href=\"https:\/\/www.bpifrance.fr\/\" target=\"_blank\" rel=\"noopener noreferrer\">En savoir plus sur BPi France<\/a><\/p>\n<p>[\/et_pb_toggle][\/et_pb_column][\/et_pb_row][et_pb_row column_structure=\u00a0\u00bb1_4,3_4&Prime; _builder_version=\u00a0\u00bb4.4.5&Prime; custom_margin=\u00a0\u00bb37px|auto||auto||\u00a0\u00bb custom_padding=\u00a0\u00bb0px||0px|||\u00a0\u00bb][et_pb_column type=\u00a0\u00bb1_4&Prime; _builder_version=\u00a0\u00bb4.4.5&Prime;][et_pb_image src=\u00a0\u00bbhttp:\/\/winwinafrique.com\/wp-content\/uploads\/2020\/12\/Logo-medefi.jpg\u00a0\u00bb title_text=\u00a0\u00bbLogo-medefi\u00a0\u00bb url=\u00a0\u00bbhttps:\/\/www.economie.gouv.fr\u00a0\u00bb url_new_window=\u00a0\u00bbon\u00a0\u00bb align=\u00a0\u00bbcenter\u00a0\u00bb _builder_version=\u00a0\u00bb4.4.5&Prime; module_alignment=\u00a0\u00bbcenter\u00a0\u00bb max_height=\u00a0\u00bb184px\u00a0\u00bb custom_padding=\u00a0\u00bb||0px|||\u00a0\u00bb][\/et_pb_image][\/et_pb_column][et_pb_column type=\u00a0\u00bb3_4&Prime; _builder_version=\u00a0\u00bb4.4.5&Prime;][et_pb_toggle title=\u00a0\u00bbMEDEF International\u00a0\u00bb open=\u00a0\u00bbon\u00a0\u00bb open_toggle_background_color=\u00a0\u00bb#ffffff\u00a0\u00bb closed_toggle_background_color=\u00a0\u00bb#ffffff\u00a0\u00bb icon_color=\u00a0\u00bb#000000&Prime; _builder_version=\u00a0\u00bb4.4.5&Prime; title_text_color=\u00a0\u00bbrgba(0,0,0,0.82)\u00a0\u00bb title_font=\u00a0\u00bbMontserrat|700|||||||\u00a0\u00bb body_font=\u00a0\u00bbMontserrat||||||||\u00a0\u00bb border_width_all=\u00a0\u00bb0px\u00a0\u00bb]<\/p>\n<p><span>Le MEDEF international, partenaire historique, accompagne Winwin Afrique dans son d\u00e9veloppement en favorisant les rencontres cibl\u00e9es gr\u00e2ce \u00e0 ses voyages d\u2019affaires et plateformes r\u00e9unissant tous les acteurs qui comptent \u00e0 l\u2019international et en Afrique.<\/span><\/p>\n<p><a href=\"https:\/\/www.medefinternational.fr\" target=\"_blank\" rel=\"noopener noreferrer\">En savoir plus<\/a><\/p>\n<p>[\/et_pb_toggle][\/et_pb_column][\/et_pb_row][et_pb_row column_structure=\u00a0\u00bb1_4,3_4&Prime; _builder_version=\u00a0\u00bb4.4.5&Prime; custom_margin=\u00a0\u00bb37px|auto||auto||\u00a0\u00bb custom_padding=\u00a0\u00bb0px||0px|||\u00a0\u00bb][et_pb_column type=\u00a0\u00bb1_4&Prime; _builder_version=\u00a0\u00bb4.4.5&Prime;][et_pb_image src=\u00a0\u00bbhttp:\/\/winwinafrique.com\/wp-content\/uploads\/2020\/12\/Capture-decran-2020-12-24-a-08.46.47.png\u00a0\u00bb title_text=\u00a0\u00bbCapture d\u2019\u00e9cran 2020-12-24 \u00e0 08.46.47&Prime; url=\u00a0\u00bbhttps:\/\/www.economie.gouv.fr\u00a0\u00bb url_new_window=\u00a0\u00bbon\u00a0\u00bb align=\u00a0\u00bbcenter\u00a0\u00bb _builder_version=\u00a0\u00bb4.4.5&Prime; module_alignment=\u00a0\u00bbcenter\u00a0\u00bb max_height=\u00a0\u00bb184px\u00a0\u00bb custom_padding=\u00a0\u00bb||0px|||\u00a0\u00bb][\/et_pb_image][\/et_pb_column][et_pb_column type=\u00a0\u00bb3_4&Prime; _builder_version=\u00a0\u00bb4.4.5&Prime;][et_pb_toggle title=\u00a0\u00bbUp 40 \u00a0\u00bb open=\u00a0\u00bbon\u00a0\u00bb open_toggle_background_color=\u00a0\u00bb#ffffff\u00a0\u00bb closed_toggle_background_color=\u00a0\u00bb#ffffff\u00a0\u00bb icon_color=\u00a0\u00bb#000000&Prime; _builder_version=\u00a0\u00bb4.4.5&Prime; title_text_color=\u00a0\u00bbrgba(0,0,0,0.82)\u00a0\u00bb title_font=\u00a0\u00bbMontserrat|700|||||||\u00a0\u00bb body_font=\u00a0\u00bbMontserrat||||||||\u00a0\u00bb border_width_all=\u00a0\u00bb0px\u00a0\u00bb]<\/p>\n<p><span style=\"font-size: 14px;\"><span>Fond\u00e9 par MEDEF International, l&rsquo;index UP40 rassemble les start-up fran\u00e7aises les plus actives sur le continent africain. Winwin Afrique profite ntoamment de son accompagnement et de son r\u00e9seau.<\/span><\/span><\/p>\n<p><span style=\"font-size: 14px;\"><a href=\"https:\/\/www.medefinternational.fr\" target=\"_blank\" rel=\"noopener noreferrer\">En savoir plus sur Up40<\/a><\/span><\/p>\n<p>[\/et_pb_toggle][\/et_pb_column][\/et_pb_row][et_pb_row column_structure=\u00a0\u00bb1_4,3_4&Prime; _builder_version=\u00a0\u00bb4.4.5&Prime; custom_margin=\u00a0\u00bb37px|auto||auto||\u00a0\u00bb custom_padding=\u00a0\u00bb0px||0px|||\u00a0\u00bb][et_pb_column type=\u00a0\u00bb1_4&Prime; _builder_version=\u00a0\u00bb4.4.5&Prime;][et_pb_image src=\u00a0\u00bbhttp:\/\/winwinafrique.com\/wp-content\/uploads\/2020\/12\/1200px-Business_France_logo_2015.svg_.png\u00a0\u00bb title_text=\u00a0\u00bb1200px-Business_France_logo_2015.svg\u00a0\u00bb url=\u00a0\u00bbhttps:\/\/www.economie.gouv.fr\u00a0\u00bb url_new_window=\u00a0\u00bbon\u00a0\u00bb align=\u00a0\u00bbcenter\u00a0\u00bb _builder_version=\u00a0\u00bb4.4.5&Prime; width=\u00a0\u00bb75%\u00a0\u00bb module_alignment=\u00a0\u00bbcenter\u00a0\u00bb max_height=\u00a0\u00bb184px\u00a0\u00bb custom_padding=\u00a0\u00bb||0px|||\u00a0\u00bb][\/et_pb_image][\/et_pb_column][et_pb_column type=\u00a0\u00bb3_4&Prime; _builder_version=\u00a0\u00bb4.4.5&Prime;][et_pb_toggle title=\u00a0\u00bbBusiness France\u00a0\u00bb open=\u00a0\u00bbon\u00a0\u00bb open_toggle_background_color=\u00a0\u00bb#ffffff\u00a0\u00bb closed_toggle_background_color=\u00a0\u00bb#ffffff\u00a0\u00bb icon_color=\u00a0\u00bb#000000&Prime; _builder_version=\u00a0\u00bb4.4.5&Prime; title_text_color=\u00a0\u00bbrgba(0,0,0,0.82)\u00a0\u00bb title_font=\u00a0\u00bbMontserrat|700|||||||\u00a0\u00bb body_font=\u00a0\u00bbMontserrat||||||||\u00a0\u00bb border_width_all=\u00a0\u00bb0px\u00a0\u00bb]<\/p>\n<p><span>Business France gr\u00e2ce \u00e0 ses outils (VIE), ses conf\u00e9rences (RIGES), ses voyages d\u2019affaire, son soutien (ch\u00e8que VIE) et son ancrage local facilite le d\u00e9veloppement international de Winwin Afrique.\u00a0<\/span><\/p>\n<p><a href=\"https:\/\/www.businessfrance.fr\" target=\"_blank\" rel=\"noopener noreferrer\">En savoir plus<\/a><\/p>\n<p>[\/et_pb_toggle][\/et_pb_column][\/et_pb_row][\/et_pb_section]<\/p>\n","protected":false},"excerpt":{"rendered":"<p>NOS PARTENAIRESLe groupe Duval est partenaire de Winwin Afrique sur la partie conception, \u00e9tude et r\u00e9alisation des AGORA en C\u00f4te d&rsquo;Ivoire. En savoir plus sur le Groupe DuvalLa Direction G\u00e9n\u00e9rale du Tr\u00e9sor est le partenaire principale sur le financement des AGORA en C\u00f4te d&rsquo;Ivoire via les outils FASEP et pr\u00eats du Tr\u00e9sor. En savoir plus [&hellip;]<\/p>\n","protected":false},"author":1,"featured_media":0,"parent":0,"menu_order":0,"comment_status":"closed","ping_status":"closed","template":"","meta":{"_et_pb_use_builder":"on","_et_pb_old_content":"","_et_gb_content_width":"","footnotes":""},"class_list":["post-468","page","type-page","status-publish","hentry"],"_links":{"self":[{"href":"https:\/\/winwinafrique.com\/index.php\/wp-json\/wp\/v2\/pages\/468","targetHints":{"allow":["GET"]}}],"collection":[{"href":"https:\/\/winwinafrique.com\/index.php\/wp-json\/wp\/v2\/pages"}],"about":[{"href":"https:\/\/winwinafrique.com\/index.php\/wp-json\/wp\/v2\/types\/page"}],"author":[{"embeddable":true,"href":"https:\/\/winwinafrique.com\/index.php\/wp-json\/wp\/v2\/users\/1"}],"replies":[{"embeddable":true,"href":"https:\/\/winwinafrique.com\/index.php\/wp-json\/wp\/v2\/comments?post=468"}],"version-history":[{"count":19,"href":"https:\/\/winwinafrique.com\/index.php\/wp-json\/wp\/v2\/pages\/468\/revisions"}],"predecessor-version":[{"id":2367,"href":"https:\/\/winwinafrique.com\/index.php\/wp-json\/wp\/v2\/pages\/468\/revisions\/2367"}],"wp:attachment":[{"href":"https:\/\/winwinafrique.com\/index.php\/wp-json\/wp\/v2\/media?parent=468"}],"curies":[{"name":"wp","href":"https:\/\/api.w.org\/{rel}","templated":true}]}}