{"id":545,"date":"2020-12-03T11:55:18","date_gmt":"2020-12-03T10:55:18","guid":{"rendered":"http:\/\/winwinafrique.com\/?page_id=545"},"modified":"2020-12-03T11:55:18","modified_gmt":"2020-12-03T10:55:18","slug":"mentions-legales","status":"publish","type":"page","link":"https:\/\/winwinafrique.com\/index.php\/mentions-legales\/","title":{"rendered":"Mentions L\u00e9gales"},"content":{"rendered":"<p>[et_pb_section fb_built=\u00a0\u00bb1&Prime; _builder_version=\u00a0\u00bb4.4.5&Prime; use_background_color_gradient=\u00a0\u00bbon\u00a0\u00bb background_color_gradient_start=\u00a0\u00bb#94c627&Prime; background_color_gradient_end=\u00a0\u00bb#47bc27&Prime; hover_enabled=\u00a0\u00bb0&Prime; background_color_gradient_direction=\u00a0\u00bb241deg\u00a0\u00bb background_color_gradient_start_position=\u00a0\u00bb40%\u00a0\u00bb][et_pb_row _builder_version=\u00a0\u00bb4.4.5&Prime;][et_pb_column _builder_version=\u00a0\u00bb4.4.5&Prime; type=\u00a0\u00bb4_4&Prime;][et_pb_text _builder_version=\u00a0\u00bb4.4.5&Prime; text_font=\u00a0\u00bbMontserrat|700|||||||\u00a0\u00bb text_text_color=\u00a0\u00bb#ffffff\u00a0\u00bb text_font_size=\u00a0\u00bb30px\u00a0\u00bb text_orientation=\u00a0\u00bbcenter\u00a0\u00bb hover_enabled=\u00a0\u00bb0&Prime;]<\/p>\n<p>MENTIONS L\u00c9GALES<\/p>\n<p>[\/et_pb_text][\/et_pb_column][\/et_pb_row][\/et_pb_section][et_pb_section fb_built=\u00a0\u00bb1&Prime; _builder_version=\u00a0\u00bb4.4.5&Prime; custom_padding=\u00a0\u00bb0px|||||\u00a0\u00bb][et_pb_row _builder_version=\u00a0\u00bb4.4.5&Prime; custom_padding=\u00a0\u00bb|||0px||\u00a0\u00bb min_height=\u00a0\u00bb2316px\u00a0\u00bb][et_pb_column type=\u00a0\u00bb4_4&Prime; _builder_version=\u00a0\u00bb4.4.5&Prime;][et_pb_text _builder_version=\u00a0\u00bb4.4.5&Prime;]<\/p>\n<h2>1 &#8211; \u00c9dition du site<\/h2>\n<p>&nbsp;<\/p>\n<p>En vertu de <a href=\"https:\/\/www.legifrance.gouv.fr\/affichTexte.do?cidTexte=JORFTEXT000000801164#LEGIARTI000042038977\" target=\"_blank\" rel=\"noreferrer noopener\">l&rsquo;article 6 de la loi n\u00b0 2004-575 du 21 juin 2004<\/a> pour la confiance dans l&rsquo;\u00e9conomie num\u00e9rique, il est pr\u00e9cis\u00e9 aux utilisateurs du site internet <a href=\"https:\/\/la-webeuse.com\/winwinafrique.com\">winwinafrique.com<\/a> l&rsquo;identit\u00e9 des diff\u00e9rents intervenants dans le cadre de sa r\u00e9alisation et de son suivi :<\/p>\n<p>&nbsp;<\/p>\n<p><strong style=\"font-size: 14px;\">Propri\u00e9taire du site : <\/strong><span style=\"font-size: 14px;\">R\u00e9gis Charpentier &#8211; Winwin Afrique\u00a9 <br \/><\/span><span style=\"font-size: 14px;\">&#8211; Contact : <a href=\"mailto:contact@winwinafrique.com \">contact@winwinafrique.com <\/a><br \/>&#8211; Adresse : 82 Avenue Denfert Rochereau, 75014 Paris, France.<\/span><\/p>\n<p>&nbsp;<\/p>\n<p>\u00a0<strong style=\"font-size: 14px;\">Identification de l&rsquo;entreprise :<\/strong><span style=\"font-size: 14px;\">\u00a0 Winwin Afrique\u00a9 au capital social de \u20ac <br \/>&#8211; SIREN : &#8211; RCS ou RM : <br \/>&#8211; Adresse postale : 82 Avenue Denfert Rochereau, 75014 Paris, France.<\/span><\/p>\n<p>&nbsp;<\/p>\n<p><strong>Directeur de la publication : <\/strong>R\u00e9gis Charpentier <br \/>&#8211; Contact : rcharpentier(at)winwinafrique.com.<\/p>\n<p>&nbsp;<\/p>\n<p><strong>H\u00e9bergeur :<\/strong>\u00a0Hostinger &#8211; hostinger.fr<\/p>\n<p>&nbsp;<\/p>\n<p><strong>D\u00e9l\u00e9gu\u00e9 \u00e0 la protection des donn\u00e9es : <\/strong>R\u00e9gis Charpentier <br \/>&#8211; rcharpentier(at)winwinafrique.com<\/p>\n<p>&nbsp;<\/p>\n<h2>2 &#8211; Propri\u00e9t\u00e9 intellectuelle et contrefa\u00e7ons\u00a0<\/h2>\n<p>&nbsp;<\/p>\n<p>\u00a0<strong style=\"font-size: 14px;\">R\u00e9gis Charpentier &#8211; Winwin Afrique\u00a9 <\/strong><span style=\"font-size: 14px;\">est propri\u00e9taire des droits de propri\u00e9t\u00e9 intellectuelle et d\u00e9tient les droits d\u2019usage sur tous les \u00e9l\u00e9ments accessibles sur le site internet, notamment les textes, images, graphismes, logos, vid\u00e9os, architecture, ic\u00f4nes et sons.<\/span><\/p>\n<p>&nbsp;<\/p>\n<p>Toute reproduction, repr\u00e9sentation, modification, publication, adaptation de tout ou partie des \u00e9l\u00e9ments du site, quel que soit le moyen ou le proc\u00e9d\u00e9 utilis\u00e9, est interdite, sauf autorisation \u00e9crite pr\u00e9alable de <strong>R\u00e9gis Charpentier &#8211; Winwin Afrique\u00a9 <\/strong>.<\/p>\n<p>&nbsp;<\/p>\n<p>Toute exploitation non autoris\u00e9e du site ou de l\u2019un quelconque des \u00e9l\u00e9ments qu\u2019il contient sera consid\u00e9r\u00e9e comme constitutive d\u2019une contrefa\u00e7on et poursuivie conform\u00e9ment aux dispositions des articles <a href=\"https:\/\/www.legifrance.gouv.fr\/affichCodeArticle.do?idArticle=LEGIARTI000032655082&amp;cidTexte=LEGITEXT000006069414&amp;dateTexte=20160605\" target=\"_blank\" rel=\"noreferrer noopener\">L.335-2 et suivants du Code de Propri\u00e9t\u00e9 Intellectuelle<\/a>.<\/p>\n<p>&nbsp;<\/p>\n<h2>3 &#8211; Limitations de responsabilit\u00e9<\/h2>\n<p>&nbsp;<\/p>\n<p>\u00a0<strong>R\u00e9gis Charpentier &#8211; Winwin Afrique\u00a9 <\/strong>ne pourra \u00eatre tenu pour responsable des dommages directs et indirects caus\u00e9s au mat\u00e9riel de l\u2019utilisateur, lors de l\u2019acc\u00e8s au site <a href=\"https:\/\/la-webeuse.com\/winwinafrique.com\">winwinafrique.com<\/a>.<\/p>\n<p>&nbsp;<\/p>\n<p><strong>R\u00e9gis Charpentier &#8211; Winwin Afrique\u00a9 <\/strong>d\u00e9cline toute responsabilit\u00e9 quant \u00e0 l\u2019utilisation qui pourrait \u00eatre faite des informations et contenus pr\u00e9sents sur <a href=\"https:\/\/la-webeuse.com\/winwinafrique.com\">winwinafrique.com<\/a>.<\/p>\n<p>&nbsp;<\/p>\n<p><strong>R\u00e9gis Charpentier &#8211; Winwin Afrique\u00a9 <\/strong>s\u2019engage \u00e0 s\u00e9curiser au mieux le site <a href=\"https:\/\/la-webeuse.com\/winwinafrique.com\">winwinafrique.com<\/a>, cependant sa responsabilit\u00e9 ne pourra \u00eatre mise en cause si des donn\u00e9es ind\u00e9sirables sont import\u00e9es et install\u00e9es sur son site \u00e0 son insu.<\/p>\n<p>&nbsp;<\/p>\n<p>\u00a0Des espaces interactifs (espace contact ou commentaires) sont \u00e0 la disposition des utilisateurs. <strong>R\u00e9gis Charpentier &#8211; Winwin Afrique\u00a9 <\/strong>se r\u00e9serve le droit de supprimer, sans mise en demeure pr\u00e9alable, tout contenu d\u00e9pos\u00e9 dans cet espace qui contreviendrait \u00e0 la l\u00e9gislation applicable en France, en particulier aux dispositions relatives \u00e0 la protection des donn\u00e9es.<\/p>\n<p>&nbsp;<\/p>\n<p>Le cas \u00e9ch\u00e9ant, <strong>R\u00e9gis Charpentier &#8211; Winwin Afrique\u00a9 <\/strong>se r\u00e9serve \u00e9galement la possibilit\u00e9 de mettre en cause la responsabilit\u00e9 civile et\/ou p\u00e9nale de l\u2019utilisateur, notamment en cas de message \u00e0 caract\u00e8re raciste, injurieux, diffamant, ou pornographique, quel que soit le support utilis\u00e9 (texte, photographie \u2026).\u00a0<\/p>\n<p>&nbsp;<\/p>\n<h2>4 &#8211; CNIL et gestion des donn\u00e9es personnelles.<\/h2>\n<p>&nbsp;<\/p>\n<p>Conform\u00e9ment aux dispositions de <a rel=\"noreferrer noopener\" href=\"https:\/\/www.legifrance.gouv.fr\/affichTexte.do?cidTexte=JORFTEXT000000886460\" target=\"_blank\">la loi 78-17 du 6 janvier 1978 modifi\u00e9e<\/a>, l\u2019utilisateur du site <a href=\"https:\/\/la-webeuse.com\/winwinafrique.com\">winwinafrique.com<\/a> dispose d\u2019un droit d\u2019acc\u00e8s, de modification et de suppression des informations collect\u00e9es. Pour exercer ce droit, envoyez un message \u00e0 notre D\u00e9l\u00e9gu\u00e9 \u00e0 la Protection des Donn\u00e9es : <br \/><strong>R\u00e9gis Charpentier<\/strong> &#8211; <strong>rcharpentier@winwinafrique.com<\/strong>.<span style=\"font-size: 14px;\">\u00a0<\/span><\/p>\n<p>Pour plus d&rsquo;informations sur la fa\u00e7on dont nous traitons vos donn\u00e9es (type de donn\u00e9es, finalit\u00e9, destinataire&#8230;), lisez notre <a href=\"https:\/\/winwinafrique.com\/politique-confidentialit%C3%A9\/\">Politique de Confidentialit\u00e9<\/a>.<\/p>\n<p>Il est \u00e9galement possible de <a href=\"https:\/\/www.cnil.fr\/fr\/plaintes\" target=\"_blank\" rel=\"noreferrer noopener\">d\u00e9poser une r\u00e9clamation aupr\u00e8s de la CNIL<\/a>.<\/p>\n<h2>5 &#8211; Liens hypertextes et cookies<span style=\"font-size: 14px; color: #666666;\">\u00a0<\/span><\/h2>\n<p>&nbsp;<\/p>\n<p>Le site <a href=\"http:\/\/winwinafrique.com\/\">winwinafrique.com<\/a> contient des liens hypertextes vers d\u2019autres sites et d\u00e9gage toute responsabilit\u00e9 \u00e0 propos de ces liens externes ou des liens cr\u00e9\u00e9s par d\u2019autres sites vers <a href=\"http:\/\/winwinafrique.com\/\">winwinafrique.com<\/a>.<\/p>\n<p>La navigation sur le site <a href=\"https:\/\/la-webeuse.com\/winwinafrique.com\">winwinafrique.com<\/a> est susceptible de provoquer l\u2019installation de cookie(s) sur l\u2019ordinateur de l\u2019utilisateur.\u00a0Un \u00ab\u00a0cookie\u00a0\u00bb est un fichier de petite taille qui enregistre des informations relatives \u00e0 la navigation d\u2019un utilisateur sur un site. Les donn\u00e9es ainsi obtenues permettent d&rsquo;obtenir des mesures de fr\u00e9quentation, par exemple.<\/p>\n<p>\u00a0Vous avez la possibilit\u00e9 <strong>d\u2019accepter ou de refuser les cookies<\/strong> en modifiant les param\u00e8tres de votre navigateur. Aucun cookie ne sera d\u00e9pos\u00e9 sans votre consentement.<\/p>\n<p>Pour plus d&rsquo;informations sur la fa\u00e7on dont nous faisons usage des cookies, lisez notre <a href=\"https:\/\/winwinafrique.com\/politique-confidentialit%C3%A9\/\">Politique de Confidentialit\u00e9<\/a>.<\/p>\n<h2>6 &#8211; Droit applicable et attribution de juridiction.<\/h2>\n<p>&nbsp;<\/p>\n<p>Tout litige en relation avec l\u2019utilisation du site <a href=\"https:\/\/la-webeuse.com\/winwinafrique.com\">winwinafrique.com<\/a> est soumis au droit fran\u00e7ais. En dehors des cas o\u00f9 la loi ne le permet pas, il est fait attribution exclusive de juridiction aux tribunaux comp\u00e9tents de Paris<strong><\/strong>.<span style=\"font-size: 14px;\">\u00a0<\/span><\/p>\n<p>[\/et_pb_text][\/et_pb_column][\/et_pb_row][\/et_pb_section]<\/p>\n","protected":false},"excerpt":{"rendered":"<p>MENTIONS L\u00c9GALES 1 &#8211; \u00c9dition du site &nbsp; En vertu de l&rsquo;article 6 de la loi n\u00b0 2004-575 du 21 juin 2004 pour la confiance dans l&rsquo;\u00e9conomie num\u00e9rique, il est pr\u00e9cis\u00e9 aux utilisateurs du site internet winwinafrique.com l&rsquo;identit\u00e9 des diff\u00e9rents intervenants dans le cadre de sa r\u00e9alisation et de son suivi : &nbsp; Propri\u00e9taire du [&hellip;]<\/p>\n","protected":false},"author":1,"featured_media":0,"parent":0,"menu_order":0,"comment_status":"closed","ping_status":"closed","template":"","meta":{"_et_pb_use_builder":"on","_et_pb_old_content":"","_et_gb_content_width":"","footnotes":""},"class_list":["post-545","page","type-page","status-publish","hentry"],"_links":{"self":[{"href":"https:\/\/winwinafrique.com\/index.php\/wp-json\/wp\/v2\/pages\/545","targetHints":{"allow":["GET"]}}],"collection":[{"href":"https:\/\/winwinafrique.com\/index.php\/wp-json\/wp\/v2\/pages"}],"about":[{"href":"https:\/\/winwinafrique.com\/index.php\/wp-json\/wp\/v2\/types\/page"}],"author":[{"embeddable":true,"href":"https:\/\/winwinafrique.com\/index.php\/wp-json\/wp\/v2\/users\/1"}],"replies":[{"embeddable":true,"href":"https:\/\/winwinafrique.com\/index.php\/wp-json\/wp\/v2\/comments?post=545"}],"version-history":[{"count":3,"href":"https:\/\/winwinafrique.com\/index.php\/wp-json\/wp\/v2\/pages\/545\/revisions"}],"predecessor-version":[{"id":550,"href":"https:\/\/winwinafrique.com\/index.php\/wp-json\/wp\/v2\/pages\/545\/revisions\/550"}],"wp:attachment":[{"href":"https:\/\/winwinafrique.com\/index.php\/wp-json\/wp\/v2\/media?parent=545"}],"curies":[{"name":"wp","href":"https:\/\/api.w.org\/{rel}","templated":true}]}}